 factors of z?
2, 3
Let t(a) be the first derivative of a**2/2 + a - 2. What are the prime factors of t(5)?
2, 3
Let a be ((-40)/(0 + 4))/(-2). Suppose a*l + 0*l - 125 = 0. What are the prime factors of l?
5
Suppose -8 = -2*j - 6. Suppose 4*h = 5*h - j. List the prime factors of h + (-8)/2 + 23.
2, 5
Let c(z) = -2*z + 11. Let f be c(9). Let v = 18 + f. What are the prime factors of v?
11
Suppose -5*x = -2*s + 113 + 1, -51 = -s + 4*x. What are the prime factors of s?
67
Let r = -5 - -8. Suppose -r*p + 67 = 2*j, -153 = -5*p - 3*j - 40. Suppose -p = -7*v + 2*v. What are the prime factors of v?
5
Let z(i) = i**3 + 2*i**2 - 3*i + 4. Let f be (-8)/3 - (-2)/(-6). List the prime factors of z(f).
2
Let k(h) = -4*h - 3. List the prime factors of k(-5).
17
Let p = 181 - 35. List the prime factors of p.
2, 73
Suppose 0 = 4*y - 2*m - 316, -2*m - 396 = -2*y - 3*y. Let v = -48 + y. List the prime factors of v.
2
Suppose 6*z - 8*z + 174 = 0. What are the prime factors of z?
3, 29
Suppose 2*t = 4*t + 26. Let o = 0 - t. List the prime factors of o.
13
Let k(s) = -30*s**3 - 2*s**2 - 3*s - 2. List the prime factors of k(-1).
29
Let w be 25/(-20) - 1/(-4). Let q = -2 - w. Let z(a) = 8*a**2 - 2*a - 1. List the prime factors of z(q).
3
Let f = 95 - 68. List the prime factors of f.
3
Let z(s) = -2*s - 4. Let g be z(-6). Let w = -3 + g. List the prime factors of -5 + w + (19 - -1).
2, 5
Let i be -6*1/(1 + 1). Let y(s) = 5*s**2 - 6*s - 9. Let k(n) = n**2 - n - 2. Let q(x) = 11*k(x) - 2*y(x). List the prime factors of q(i).
2
Let y = -17 - -34. What are the prime factors of y?
17
Suppose 3*i - 5*w = -2*w + 60, -3*i + 58 = -4*w. Let a(u) = u**2 + 2*u + 4. Let k be a(-4). Let z = i - k. What are the prime factors of z?
2, 5
Let i(d) = -d**2 + d - 3. Let g be i(0). List the prime factors of (-2 - g)/(-1) - -3.
2
Let y = -1 + 4. Suppose 2 = y*l - 16. Let b(t) = t**2 - 5*t - 4. What are the prime factors of b(l)?
2
Let f(t) = -35*t**3 - 7*t**2 - 2*t + 4. What are the prime factors of f(-2)?
2, 5, 13
Let z be (2 - 1) + (-5 - -8). Suppose z*f + 5*k = 141, -23 - 26 = -f - 4*k. What are the prime factors of f?
29
Let g be 2/(-1 + 99/97). Suppose -4*i + 55 = -g. Suppose p - i = -9*l + 5*l, 3*l + 2*p = 31. What are the prime factors of l?
3
Let u(x) = 4*x**2 + 3*x + 1. List the prime factors of u(3).
2, 23
Let r(b) = -b**3 + b**2 - 3*b + 191. What are the prime factors of r(0)?
191
Let i(v) = 4*v**2 + 5*v - 1. What are the prime factors of i(-7)?
2, 5
Let o = -4 - -6. Suppose o*l - 24 = l. List the prime factors of l.
2, 3
Let o = 6 - 4. List the prime factors of (2 - 4) + 5 + o.
5
Suppose 6 = -3*h + 2*h - 2*o, 4*o = 4*h - 36. Suppose 4*k - 12 = h. What are the prime factors of k?
2
Let a(s) = 20*s - 86. What are the prime factors of a(12)?
2, 7, 11
Let y(s) = -s**3 - 12*s**2 - 12*s - 9. Let u be y(-11). Let a(w) = 5*w**2 + w + 1. List the prime factors of a(u).
23
Suppose -q - 2*q + 18 = 0. Let f(x) = 2*x**2 + 9 + x - x**2 + q*x. List the prime factors of f(-6).
3
Let a be 15/2*(-16)/(-10). Suppose 0 = r - 19 - a. List the prime factors of r.
31
Let s(a) = a**2 - 7*a - 7. Let j be s(8). Suppose -w = -1 - j. Suppose -2*q = -3*q - 5, w*y - 24 = 2*q. What are the prime factors of y?
7
Let m = -8 - -39. List the prime factors of m.
31
Let k = -80 + 57. Let g be 1 - k/((-1)/(-1)). Let j = g + -14. What are the prime factors of j?
2, 5
Suppose 3*m + 6 = m. Let k(h) = 2*h**2 + 6*h + 5. List the prime factors of k(m).
5
Suppose 3*u = u + 2*m + 14, 0 = -4*u + m + 22. Let w = u + 13. What are the prime factors of w?
2, 3
Let u = -12 + 15. Suppose 0*p = 5*m + p - 100, 4*m + 5*p = 101. Suppose m = 2*c + t, t = -0 - u. What are the prime factors of c?
11
Suppose 2*y + 97 = -139. Let k = -67 - y. What are the prime factors of k?
3, 17
Let j = -27 + 31. Suppose 19 = j*b + 3*p, -3*p + 43 = 4*b - 8*p. What are the prime factors of b?
7
Let a(s) = 2*s**2 - 4*s + 1. Let v be a(3). Let m = 0 + v. What are the prime factors of m?
7
Suppose n - 59 = -3*j, 0*n - 5*j = 4*n - 264. What are the prime factors of n?
71
Suppose -2*u - 6 = -4*u. Suppose -18 = -u*s + 21. What are the prime factors of s?
13
Suppose -2*c + a + 22 = 3*c, -5*a - 2 = 2*c. Let r = -6 + c. Let g = r + 5. List the prime factors of g.
3
List the prime factors of ((-120)/14)/(((-80)/(-105))/(-8)).
2, 3, 5
Let m(s) = -10*s - 7. What are the prime factors of m(-4)?
3, 11
Let m be (-2)/(4/(-26)) + 0. Suppose f = -q - 6 + 13, -4*f + q = -m. Suppose 0 = 2*z - 2*l - 18, 0*z - 32 = -f*z + 3*l. List the prime factors of z.
5
Suppose -10*m + 9*m = -34. List the prime factors of m.
2, 17
Let b(g) = 3*g + 8. Let o(u) = 4*u + 8. Let p(j) = -7*b(j) + 6*o(j). Let c be p(6). Suppose 5*y + 51 = 4*r, -2*y - 5 - c = -r. List the prime factors of r.
3
Suppose 0 = 4*v - v - 159. Let u = v - 30. List the prime factors of u.
23
Suppose 0 = -10*w + 14*w - 4*l - 628, 5*w - 4*l - 781 = 0. List the prime factors of w.
3, 17
Let b(h) = 3*h - 3. Let x be b(2). Suppose -x*n + 5*f = -43, -2*n + f + f + 34 = 0. List the prime factors of n.
3, 7
Suppose -v = -4*v + 12. Suppose v*r - 11 = -3*c + 58, -2*r + 36 = 2*c. Suppose -2 = x + o + o, 3*x - r = o. What are the prime factors of x?
2
Let r = 197 + 104. What are the prime factors of r?
7, 43
Let v = -19 - -59. Suppose 3*f - 4*j = v, -f = 4*f - j - 95. What are the prime factors of f?
2, 5
Suppose 0*g - 4*g + 76 = 0. List the prime factors of g.
19
Suppose 6*f + 157 = -5*a + 5*f, -5*f = -5*a - 175. List the prime factors of (-20)/a*4*22.
5, 11
Suppose 51 = 2*f + 155. Let p = f - -74. What are the prime factors of p?
2, 11
Let v(d) = 9*d**2 - 7*d - 4. List the prime factors of v(-4).
2, 3, 7
Let a = -3 + 6. Suppose h - 20 = -3*h. Suppose a*b - 61 = -4*v + 4*b, 2*v + h*b - 3 = 0. List the prime factors of v.
2, 7
Suppose -5*i + 40 = -i + 3*h, 0 = h + 4. List the prime factors of i.
13
Suppose -d + 0*d + 26 = 0. What are the prime factors of d?
2, 13
Suppose -4*l + 1 = -7. Suppose -4*z = 3*j - 83, l*z - 56 = -2*j - 0*z. What are the prime factors of j?
29
Let y(b) = b**3 + 7*b**2 - 2*b + 4. List the prime factors of y(-6).
2, 13
Suppose 78 - 594 = -4*n. What are the prime factors of n?
3, 43
Suppose 3*w = -4*p + 15, 15 = 3*w + 4*p + p. List the prime factors of w.
5
Let k be 3 + -3 - (-3 + 1). Let f(g) = 3*g - 3. Let t be f(2). Suppose t*h - k = 34. What are the prime factors of h?
2, 3
Let h = -2 - 0. Let p(y) = -4*y**3 - 2*y. What are the prime factors of p(h)?
2, 3
Let r be (6 - 1) + (-1 - 0). Suppose 2*q - 2*g = g + 63, r = -4*g. Suppose -h + 3*c + q = -c, 35 = h - 5*c. What are the prime factors of h?
2, 5
Let n(y) = 5*y**3 - 2*y**2 + 2*y - 1. Suppose d - 2*d + 1 = 0. Let t be n(d). Let i = t + -2. List the prime factors of i.
2
Let g be 2/2 - (4 + -3). Suppose 0 = -b - g*b + 6. What are the prime factors of b?
2, 3
Let p(k) = -k**2 + 7*k - 3. Let d be p(6). Suppose 4 = -d*s + 16. List the prime factors of s.
2
Let p be 7/3 - (-5)/(-15). Suppose -5*j = -13 - p. Let x = j + 6. List the prime factors of x.
3
Suppose -15*j + 2607 = -4*j. What are the prime factors of j?
3, 79
Suppose -81 = 3*v - 9. Let m = 66 + v. What are the prime factors of m?
2, 3, 7
Suppose 0 = -5*a, -4*o + 5*o + 3*a - 18 = 0. List the prime factors of o.
2, 3
Let i(j) be the second derivative of -j**8/840 + j**5/120 - j**4/12 + 2*j. Let r(q) be the third derivative of i(q). List the prime factors of r(-1).
3
Suppose 2*v = 4*v - 520. Suppose d = -4*d + v. What are the prime factors of d?
2, 13
Suppose -5*s + n = 4*n - 32, 4 = -4*n. Let x(g) = g**3 - 8*g**2 + 7*g + 3. List the prime factors of x(s).
3
Let k = -33 + 19. Let h = 9 - k. List the prime factors of h.
23
Let o(m) = m**3 - m**2 + 2. List the prime factors of o(3).
2, 5
Let x be 0/((-4)/2*-1). Let w be x + -3 + 1 - -2. Suppose w = -0*b + b - 12. List the prime factors of b.
2, 3
What are the prime factors of -690*-2*1/6?
2, 5, 23
Let i(c) = 3*c**2 + 10*c + 1. Let t(g) = 5*g**2 + 19*g + 2. Let o(q) = 7*i(q) - 4*t(q). What are the prime factors of o(9)?
2, 13
Suppose 0 = 2*y - 10, 0 = -r + 3*y - 77 + 210. List the prime factors of r.
2, 37
Let k = 130 - -252. What are the prime factors of k?
2, 191
Let a(d) = 2*d**3 + 1. Let m be a(1). What are the prime factors of 37/4 - m/(-4)?
2, 5
L